 multiple of 114?
True
Is 202 a factor of 3082924?
True
Is 11 a factor of 354880?
False
Is 7 a factor of 19593?
True
Does 896 divide 1788392?
False
Is 25 a factor of 8875?
True
Is 8 a factor of 14472?
True
Is 22253172 a multiple of 151?
True
Is 24 a factor of 677085?
False
Does 568 divide 11248010?
False
Is 134567 a multiple of 53?
True
Is 13484424 a multiple of 29?
False
Is 466 a factor of 2257770?
True
Is 46 a factor of 119462?
True
Is 9 a factor of 6814006?
False
Does 14 divide 1263892?
True
Does 6 divide 6399452?
False
Is 19 a factor of 17537?
True
Does 111 divide 237429?
True
Is 33 a factor of 51660?
False
Is 5042867 a multiple of 37?
False
Is 22 a factor of 829343?
False
Is 626260 a multiple of 724?
True
Is 43093 a multiple of 13?
False
Is 14 a factor of 23968?
True
Is 5629118 a multiple of 1112?
False
Is 335 a factor of 487425?
True
Is 52142 a multiple of 27?
False
Is 656217 a multiple of 507?
False
Is 895511 a multiple of 97?
False
Does 635 divide 16734790?
True
Is 16 a factor of 49539?
False
Is 14 a factor of 2819012?
True
Is 2055317 a multiple of 63?
False
Is 38 a factor of 2365082?
True
Is 3691360 a multiple of 7?
False
Is 20 a factor of 6165806?
False
Is 385 a factor of 23870?
True
Is 87 a factor of 371403?
True
Does 68 divide 192100?
True
Is 734 a factor of 11329524?
False
Is 206829 a multiple of 9?
True
Does 224 divide 28224?
True
Does 19 divide 52926?
False
Is 28 a factor of 505988?
True
Does 2294 divide 8898116?
False
Is 481046 a multiple of 122?
True
Is 331 a factor of 125034?
False
Is 207819 even?
False
Does 380 divide 828816?
False
Is 1486130 a multiple of 74?
False
Is 42 a factor of 2184?
True
Does 396 divide 511632?
True
Is 30866237 a multiple of 17?
True
Is 236 a factor of 1258945?
False
Is 447557 a multiple of 159?
False
Is 3379597 a multiple of 83?
False
Does 62 divide 415191?
False
Is 4911642 a multiple of 353?
True
Is 3497835 a multiple of 11?
True
Is 7082900 a multiple of 275?
True
Does 114 divide 1141869?
False
Is 171281 a multiple of 2?
False
Is 4 a factor of 1636071?
False
Is 137 a factor of 13877176?
False
Does 44 divide 175866?
False
Does 426 divide 318455?
False
Is 10848863 a multiple of 587?
False
Is 89 a factor of 33375?
True
Is 708239 a multiple of 53?
True
Is 2018 a factor of 14128018?
True
Is 11 a factor of 162019?
True
Does 142 divide 1878894?
False
Does 401 divide 5479665?
True
Does 418 divide 131166?
False
Is 360449 a multiple of 205?
False
Is 266 a factor of 358006?
False
Is 131 a factor of 111743?
True
Does 13 divide 53482?
True
Is 95530 a multiple of 76?
False
Is 24046 a multiple of 23?
False
Is 44 a factor of 69467?
False
Is 16 a factor of 312192?
True
Is 991478 a multiple of 103?
True
Is 21 a factor of 2606016?
True
Does 310 divide 604810?
True
Is 24563 a multiple of 29?
True
Is 257 a factor of 56874?
False
Does 1141 divide 34230?
True
Does 22 divide 4048?
True
Is 13546 a multiple of 33?
False
Is 144 a factor of 1858320?
True
Is 12 a factor of 852247?
False
Is 7102639 a multiple of 484?
False
Is 127 a factor of 700659?
True
Does 227 divide 2869280?
True
Is 227858 a multiple of 264?
False
Is 465 a factor of 4793769?
False
Is 1217625 a multiple of 125?
True
Is 8391797 a multiple of 108?
False
Does 16 divide 1936712?
False
Does 21 divide 11761?
False
Does 5 divide 24500?
True
Is 42179 a multiple of 473?
False
Does 20 divide 399180?
True
Does 454 divide 32795565?
False
Does 3 divide 370199?
False
Is 1138 a factor of 25950432?
False
Is 32 a factor of 493215?
False
Is 29670 a multiple of 86?
True
Is 29 a factor of 1767008?
False
Is 3624896 a multiple of 304?
True
Does 21 divide 290430?
True
Does 25 divide 43925?
True
Is 676 a factor of 1591304?
True
Is 1255669 a multiple of 24?
False
Is 100 a factor of 210000?
True
Is 1467448 a multiple of 19?
False
Is 2 a factor of 32514?
True
Does 6 divide 6960?
True
Is 37 a factor of 7444847?
False
Does 146 divide 26174?
False
Is 28 a factor of 746340?
True
Is 63227 a multiple of 2?
False
Does 104 divide 63440?
True
Is 341 a factor of 442692?
False
Does 33 divide 132924?
True
Is 22 a factor of 1547486?
False
Is 44 a factor of 2689896?
True
Does 13 divide 8528?
True
Is 9 a factor of 114606?
True
Is 3940 a multiple of 20?
True
Is 29 a factor of 5046?
True
Does 87 divide 12043671?
True
Is 55487 a multiple of 109?
False
Is 10 a factor of 153690?
True
Does 203 divide 1068795?
True
Is 2 a factor of 24336?
True
Is 53 a factor of 39432?
True
Is 107 a factor of 331529?
False
Is 1024253 a multiple of 214?
False
Does 214 divide 141664?
False
Does 14 divide 1351140?
True
Does 5 divide 29640?
True
Is 139 a factor of 272504?
False
Is 29 a factor of 46766?
False
Is 10372206 a multiple of 39?
True
Is 1487119 a multiple of 29?
False
Is 173 a factor of 57263?
True
Is 1139469 a multiple of 147?
False
Is 8 a factor of 186384?
True
Is 4 a factor of 553252?
True
Is 3 a factor of 1081842?
True
Is 370113 a multiple of 360?
False
Does 100 divide 157800?
True
Does 138 divide 166842?
True
Is 4971751 a multiple of 3?
False
Is 303782 a multiple of 8?
False
Is 164103 a multiple of 93?
False
Does 6 divide 3727809?
False
Is 197494 a multiple of 11?
True
Does 138 divide 103646?
False
Is 3635485 a multiple of 3?
False
Does 13 divide 5326124?
False
Does 42 divide 1573026?
True
Is 28316 a multiple of 27?
False
Is 151 a factor of 2917773?
True
Is 943560 a multiple of 30?
True
Is 1043043 a multiple of 70?
False
Does 12 divide 320880?
True
Does 87 divide 4667376?
True
Is 121276 a multiple of 9?
False
Does 18 divide 237543?
False
Is 618951 a multiple of 579?
True
Is 17 a factor of 23940335?
True
Is 6 a factor of 878844?
True
Does 14 divide 54992?
True
Is 28 a factor of 156044?
True
Does 43 divide 166519?
False
Does 13 divide 37481?
False
Is 2656 a multiple of 166?
True
Is 7925658 a multiple of 13?
True
Does 4 divide 1874075?
False
Is 15 a factor of 605338?
False
Is 689388 a multiple of 812?
True
Is 186 a factor of 1556076?
True
Is 667 a factor of 2509254?
True
Is 21348249 a multiple of 136?
False
Is 3413652 a multiple of 699?
False
Is 28 a factor of 14616?
True
Does 12 divide 1513200?
True
Is 290 a factor of 30234?
False
Is 3 a factor of 1903?
False
Is 244392 a multiple of 125?
False
Does 413 divide 162097?
False
Is 37 a factor of 1108865?
False
Does 30 divide 8697434?
False
Is 56994 a multiple of 59?
True
Is 2486758 a multiple of 238?
False
Does 13 divide 9462505?
True
Does 333 divide 233433?
True
Does 39 divide 9700665?
True
Is 13 a factor of 9815164?
False
Does 12 divide 763991?
False
Is 13798458 a multiple of 48?
False
Does 18 divide 150354?
True
Does 5 divide 2047395?
True
Does 11 divide 346104?
True
Is 3 a factor of 762652?
False
Is 5680544 a multiple of 7?
False
Is 187788 a multiple of 32?
False
Is 216087 a multiple of 62?
False
Does 14 divide 88424?
True
Is 23226 a multiple of 6?
True
Is 28 a factor of 156674?
False
Does 7 divide 8255245?
False
Does 8 divide 2089992?
True
Is 18 a factor of 373014?
True
Is 577536 a multiple of 96?
True
Does 9 divide 9399610?
False
Does 47 divide 156914?
False
Is 16138 a multiple of 146?
False
Does 12 divide 51135?
False
Does 709 divide 20947?
False
Is 174 a factor of 546708?
True
Does 75 divide 320186?
False
Is 2689641 a multiple of 333?
True
Is 4 a factor of 1770308?
True
Is 88032 a multiple of 55?
False
Is 51688 a multiple of 13?
True
Is 2094786 a multiple of 29?
True
Is 627341 a multiple of 14?
False
Is 359240 a multiple of 56?
True
Does 631 divide 824566?
False
Is 158700 a multiple of 230?
True
Does 13 divide 93995?
False
Does 68 divide 1020248?
False
Is 133986 a multiple of 8?
False
Does 12 divide 1861670?
False
Is 631 a factor of 3170144?
True
Is 900 a factor of 3563100?
True
Is 561316 a multiple of 18?
False
Is 2925400 a multiple of 222?
False
Is 117 a factor of 626769?
True
Does 255 divide 7023416?
False
Does 37 divide 156621?
True
Is 944757 a multiple of 99?
True
Does 15 divide 1635363?
False
Is 320925 a multiple of 11?
True
Is 164 a factor of 248715?
False
Is 4082661 a multiple of 23?
True
Does 461 divide 1157701?
False
Does 18 divide 3393342?
True
Is 84 a factor of 1591968?
True
Is 52 a factor of 546143?
False
Is 431 a factor of 1401612?
True
Is 280 a factor of 173526?
False
Is 129528 a multiple of 6?
True
Is 231190 a multiple of 122?
True
Is 38 a fac